2 and 541773?
51
What is the highest common divisor of 209 and 1907103473?
209
What is the greatest common divisor of 58742 and 571389?
23
What is the highest common factor of 81468240 and 1120?
560
Calculate the highest common factor of 1572704 and 569024.
544
What is the greatest common divisor of 14644 and 20699?
7
Calculate the greatest common divisor of 19778 and 7692278.
682
What is the highest common divisor of 1413479752 and 1291?
1291
What is the greatest common divisor of 293309541 and 882?
441
What is the highest common divisor of 981 and 30637611?
981
What is the highest common divisor of 20873960 and 1020?
340
Calculate the highest common divisor of 1836 and 3176416.
68
What is the highest common divisor of 233640 and 8930?
10
What is the greatest common factor of 1043286 and 82041?
123
Calculate the greatest common divisor of 2440 and 6628870.
610
What is the highest common factor of 3807943 and 142?
71
Calculate the highest common divisor of 3047 and 41807333.
277
What is the highest common divisor of 31477376 and 48762?
602
What is the highest common factor of 12910 and 622930738?
2582
Calculate the highest common divisor of 5 and 381022.
1
What is the highest common divisor of 1924 and 105968?
148
What is the highest common factor of 1208003 and 14382?
17
What is the greatest common divisor of 40 and 1782645?
5
Calculate the highest common divisor of 6085080 and 33840.
360
Calculate the highest common factor of 358 and 2798486.
358
Calculate the greatest common divisor of 5758445 and 165.
55
Calculate the greatest common factor of 54073 and 4511569.
2351
What is the greatest common factor of 9426 and 8082?
6
What is the highest common factor of 53205222 and 30?
6
Calculate the highest common factor of 114386960 and 100.
20
Calculate the greatest common factor of 3400204 and 51.
17
What is the greatest common factor of 11457 and 22327281?
603
Calculate the greatest common factor of 179194780 and 20.
20
Calculate the greatest common divisor of 21325632 and 1744.
1744
What is the greatest common divisor of 362425610 and 3260?
1630
What is the greatest common divisor of 142 and 6074?
2
What is the greatest common factor of 3483 and 67685139?
3483
Calculate the greatest common factor of 55163633 and 1036.
259
Calculate the greatest common factor of 11258721 and 18.
9
Calculate the highest common factor of 570 and 45098535.
15
What is the greatest common factor of 361628 and 18?
2
What is the highest common factor of 24797170 and 45?
5
What is the highest common divisor of 1295980 and 840?
140
What is the highest common divisor of 5750 and 6404350?
1150
Calculate the greatest common divisor of 2464 and 163361.
11
What is the highest common factor of 28380233 and 35763?
917
What is the highest common divisor of 2208 and 18318304?
736
Calculate the greatest common divisor of 47753 and 15776.
17
What is the highest common divisor of 164 and 1356772?
164
Calculate the highest common divisor of 16 and 71986280.
8
Calculate the highest common factor of 7612 and 500489.
1903
Calculate the greatest common factor of 9930 and 178098.
6
Calculate the greatest common factor of 747 and 159682538.
83
Calculate the greatest common factor of 9652 and 7559929.
2413
What is the highest common factor of 2282 and 719808?
326
What is the greatest common factor of 60 and 3157830?
30
Calculate the highest common divisor of 2790 and 87687.
9
Calculate the highest common factor of 310 and 5734060.
10
What is the greatest common divisor of 5871 and 1931250?
309
What is the highest common divisor of 8405 and 571335?
205
Calculate the highest common divisor of 3444111 and 285.
57
Calculate the highest common factor of 23093734 and 2.
2
What is the greatest common divisor of 11385 and 5649237?
2277
What is the highest common divisor of 506753 and 2210?
221
What is the greatest common divisor of 73833430 and 87780?
2090
Calculate the greatest common divisor of 1274649 and 1205.
241
Calculate the greatest common factor of 28 and 24532928.
28
Calculate the greatest common divisor of 248 and 207590818.
62
What is the highest common factor of 641017304 and 592?
296
What is the greatest common factor of 88371840 and 4992?
384
What is the highest common factor of 4172 and 6029434?
298
Calculate the greatest common divisor of 14320 and 2277712.
16
What is the highest common factor of 1380 and 1432440?
1380
What is the highest common factor of 545480945 and 113?
113
Calculate the highest common divisor of 23412020 and 204.
4
What is the highest common factor of 497954 and 809378?
1622
Calculate the highest common factor of 27 and 640705077.
9
Calculate the highest common divisor of 24862473 and 18.
9
Calculate the highest common factor of 35745098 and 1692.
94
What is the highest common factor of 1022408 and 246031?
563
Calculate the greatest common divisor of 17 and 66478109.
17
What is the greatest common factor of 10257 and 1473326?
263
What is the greatest common divisor of 255226 and 63344?
74
Calculate the highest common factor of 23 and 11390198.
23
Calculate the greatest common divisor of 4800 and 24319200.
2400
What is the greatest common factor of 9 and 576444879?
9
What is the greatest common factor of 64 and 5501511?
1
Calculate the highest common factor of 39611 and 36388.
11
Calculate the greatest common factor of 7686 and 209716353.
3843
What is the greatest common divisor of 44974 and 12636102?
398
What is the greatest common factor of 12603164 and 364?
28
Calculate the highest common divisor of 143811 and 6402069.
4959
What is the highest common divisor of 59491767 and 10515?
2103
What is the greatest common factor of 78015210 and 7140?
3570
What is the highest common factor of 30835 and 376005?
35
Calculate the greatest common divisor of 368 and 1628837.
23
What is the highest common factor of 1068 and 44553489?
267
Calculate the highest common factor of 2091007 and 62959.
167
Calculate the greatest common factor of 3749512 and 25389.
403
What is the greatest common factor of 297 and 1274471?
11
Calculate the highest common factor of 1370713 and 1629.
181
What is the greatest common factor of 1136648 and 216?
8
What is the highest common divisor of 12303140 and 940?
20
Calculate the greatest common factor of 142928 and 3637.
1
Calculate the greatest common factor of 92612 and 690196.
676
What is the greatest common divisor of 724 and 872782?
362
Calculate the greatest common divisor of 243 and 427802472.
243
Calculate the highest common factor of 810 and 31371570.
270
Calculate the highest common divisor of 585405 and 95.
5
Calculate the highest common divisor of 109142000 and 1166.
22
What is the greatest common factor of 6443891 and 79938?
4441
Calculate the highest common divisor of 1479 and 4023837.
87
Calculate the greatest common factor of 157 and 1816621.
1
What is the greatest common divisor of 2531281 and 31433?
1849
Calculate the greatest common factor of 720 and 216540360.
360
Calculate the highest common divisor of 872 and 283616.
8
What is the greatest common factor of 1122079 and 218701?
1099
What is the greatest common factor of 1130 and 695850?
10
Calculate the highest common divisor of 317 and 40982077.
317
Calculate the greatest common factor of 15370 and 31610.
290
What is the highest common divisor of 48 and 50241976?
8
What is the highest common factor of 320268427 and 2733?
911
Calculate the greatest common divisor of 16562 and 504854.
14
What is the highest common factor of 192 and 898730816?
64
Calculate the highest common factor of 1353 and 33939554.
451
Calculate the greatest common factor of 546 and 482526.
6
Calculate the greatest common factor of 29630 and 1270.
10
Calculate the greatest common divisor of 6 and 319410082.
2
What is the highest common factor of 60165588 and 84?
84
What is the greatest common factor of 1023362 and 24610?
46
What is the greatest common factor of 159318 and 21465?
477
What is the highest common factor of 6059 and 236550?
83
What is the highest common divisor of 310 and 37447070?
310
What is the greatest common divisor of 45100 and 740300?
1100
What is the greatest common divisor of 195975 and 1459575?
2925
What is the greatest common factor of 864 and 1851309?
27
Calculate the greatest com